1
Calculate the remainder when 1709187 is divided by 81380.
207
What is the remainder when 9221594 is divided by 2235?
2219
Calculate the remainder when 1382797 is divided by 21585.
1357
What is the remainder when 31788125 is divided by 1365?
5
What is the remainder when 277115 is divided by 4261?
150
What is the remainder when 72838890 is divided by 9378?
9342
What is the remainder when 464305369 is divided by 3473?
3472
What is the remainder when 4954184 is divided by 5118?
5078
Calculate the remainder when 7516598 is divided by 1180.
1178
What is the remainder when 16774095 is divided by 2096759?
23
What is the remainder when 4483866 is divided by 74731?
6
What is the remainder when 147951 is divided by 558?
81
Calculate the remainder when 686718 is divided by 86.
8
What is the remainder when 26502590 is divided by 34?
32
What is the remainder when 574709 is divided by 357?
296
Calculate the remainder when 15855 is divided by 7834.
187
Calculate the remainder when 25484 is divided by 8318.
530
Calculate the remainder when 542768 is divided by 70.
58
Calculate the remainder when 141209 is divided by 1218.
1139
What is the remainder when 58164289 is divided by 4268?
4253
What is the remainder when 569976 is divided by 284861?
254
Calculate the remainder when 5133147 is divided by 8213.
22
Calculate the remainder when 1236699 is divided by 347.
338
Calculate the remainder when 10787090 is divided by 10786993.
97
Calculate the remainder when 1340619 is divided by 70558.
17
What is the remainder when 8950111 is divided by 778?
777
Calculate the remainder when 1177245 is divided by 101.
90
Calculate the remainder when 80749 is divided by 2578.
831
Calculate the remainder when 133023 is divided by 26056.
2743
Calculate the remainder when 49615949 is divided by 1590.
1589
Calculate the remainder when 9124088 is divided by 11773.
13
What is the remainder when 2069491 is divided by 344915?
1
Calculate the remainder when 60504440 is divided by 48.
8
Calculate the remainder when 51058 is divided by 3165.
418
What is the remainder when 1692615 is divided by 44542?
19
What is the remainder when 23728685 is divided by 11864340?
5
Calculate the remainder when 85025 is divided by 4722.
29
What is the remainder when 80542 is divided by 1176?
574
Calculate the remainder when 13261664 is divided by 45.
29
Calculate the remainder when 117322 is divided by 416.
10
What is the remainder when 3772307 is divided by 44380?
7
Calculate the remainder when 619242 is divided by 4126.
342
What is the remainder when 47089 is divided by 23505?
79
What is the remainder when 24110383 is divided by 582?
451
Calculate the remainder when 7285482 is divided by 1234.
1180
What is the remainder when 134972 is divided by 67449?
74
What is the remainder when 1405138 is divided by 1169?
0
Calculate the remainder when 1627602 is divided by 1602.
1572
What is the remainder when 885416 is divided by 1698?
758
What is the remainder when 6718061 is divided by 46652?
173
What is the remainder when 16394248 is divided by 127?
72
What is the remainder when 34302 is divided by 34274?
28
Calculate the remainder when 432677 is divided by 1843.
1415
What is the remainder when 2854877 is divided by 951616?
29
What is the remainder when 5841283 is divided by 504?
427
What is the remainder when 35045 is divided by 3241?
2635
What is the remainder when 1898712 is divided by 949355?
2
What is the remainder when 185667 is divided by 6402?
9
Calculate the remainder when 3281071 is divided by 172687.
18
Calculate the remainder when 45943546 is divided by 64.
58
Calculate the remainder when 52675 is divided by 561.
502
Calculate the remainder when 633299 is divided by 105548.
11
Calculate the remainder when 3162143 is divided by 3162082.
61
Calculate the remainder when 10298920 is divided by 1287361.
32
What is the remainder when 1804452 is divided by 128886?
48
Calculate the remainder when 178042741 is divided by 1607.
1604
What is the remainder when 53241 is divided by 2457?
1644
What is the remainder when 19309499 is divided by 467?
450
Calculate the remainder when 435144 is divided by 118.
78
What is the remainder when 55849731 is divided by 14015?
13971
What is the remainder when 229441 is divided by 4470?
1471
Calculate the remainder when 614649 is divided by 2242.
341
What is the remainder when 50893 is divided by 272?
29
What is the remainder when 98343 is divided by 243?
171
Calculate the remainder when 146863 is divided by 13349.
24
What is the remainder when 212774 is divided by 2029?
1758
What is the remainder when 3693875 is divided by 2212?
2047
What is the remainder when 10952279 is divided by 6527?
6500
Calculate the remainder when 45222139 is divided by 284.
251
Calculate the remainder when 35937 is divided by 4485.
57
What is the remainder when 349714 is divided by 38856?
10
What is the remainder when 193216566 is divided by 548?
534
What is the remainder when 1575757 is divided by 1014?
1
Calculate the remainder when 5913183 is divided by 2144.
31
What is the remainder when 30298 is divided by 4326?
16
Calculate the remainder when 117893 is divided by 22092.
7433
Calculate the remainder when 843885 is divided by 2534.
63
What is the remainder when 62278722 is divided by 151?
131
Calculate the remainder when 1725236 is divided by 1322.
26
Calculate the remainder when 293790 is divided by 8.
6
What is the remainder when 5379787 is divided by 6513?
49
What is the remainder when 272551977 is divided by 2010?
2007
Calculate the remainder when 5205790 is divided by 483.
16
Calculate the remainder when 425877 is divided by 4629.
9
What is the remainder when 43179055 is divided by 242?
205
What is the remainder when 187603 is divided by 68?
59
Calculate the remainder when 216820 is divided by 64.
52
Calculate the remainder when 10109375 is divided by 405.
170
What is the remainder when 4017473 is divided by 502183?
9
Calculate the remainder when 20798905 is divided by 26.
23
Calculate the remainder when 2235559 is divided by 366.
31
What is the remainder when 103814 is divided by 5314?
2848
Calculate the remainder when 5076988 is divided by 846163.
10
Calculate the remainder when 311141 is divided by 657.
380
Calculate the remainder when 19611070 is divided by 416.
414
Calculate the remainder when 194803019 is divided by 4155.
4154
What is the remainder when 2520128 is divided by 1017?
2
Calculate the remainder when 614454556 is divided by 21.
16
Calculate the remainder when 7501409 is divided by 2500327.
428
What is the remainder when 80945913 is divided by 3387?
0
What is the remainder when 803720 is divided by 138?
8
Calculate the remainder when 47951669 is divided by 83.
79
Calculate the remainder when 371145 is divided by 224.
201
Calculate the remainder when 19072560 is divided by 4768138.
8
Calculate the remainder when 14824821 is divided by 7412342.
137
What is the remainder when 6071300 is divided by 105?
95
What is the remainder when 253592 is divided by 50381?
1687
Calculate the remainder when 4908314 is divided by 104432.
10
Calculate the remainder when 25616447 is divided by 99.
98
Calculate the remainder when 40639867 is divided by 30.
7
Calculate the remainder when 2492 is divided by 211.
171
What is the remainder when 314745034 is divided by 258?
256
What is the remainder when 3248141 is divided by 81203?
21
Calculate the remainder when 818937 is divided by 141.
9
Calculate the remainder when 60761164 is divided by 934787.
9
What is the remainder when 5780391 is divided by 18350?
141
What is the remainder when 11921051 is divided by 187?
175
Calculate the remainder when 2528973 is divided by 588.
573
Calculate the remainder when 23878888 is divided by 265.
3
Calculate the remainder when 140547 is divided by 134279.
6268
Calculate the remainder when 29462539 is divided by 1563.
1552
What is the remainder when 166551 is divided by 1736?
1631
Calculate the remainder when 4318047 is divided by 275.
272
What is the remainder when 777496 is divided by 2757?
22
Calculate the remainder when 3153396 is divided by 128.
116
What is the remainder when 131911 is divided by 43613?
1072
What is the remainder when 43693713 is divided by 127?
125
Calculate the remainder when 1978785 is div